/1)/(0 - g) a prime number?
False
Let l(g) = -g**3 + 10*g**2 + 10*g + 12. Let w be l(11). Suppose 0 = -3*x + 3*k + 3, 4*k + w = -4*x - 3. Is 36 + (2 - (x + 1)) a composite number?
False
Is (-2*(-16255)/(-10))/(-2 + 1) prime?
True
Suppose -13*l = -9*l - 46196. Is l prime?
True
Let a(k) = k**3 + k + 1. Let f be a(0). Let o = f + 3. Suppose -o*t + b = -135, -3*b = 2*t - 7*b - 50. Is t a prime number?
False
Let k = 620 - -5547. Is (-6)/(-8) + k/28 composite?
True
Let n(p) = 2*p + 15. Let o(m) = m + 15. Let x(r) = 4*n(r) - 3*o(r). Is x(16) prime?
False
Let d(q) = -q**2 + q. Let x(j) = 3*j**2 - 8*j - 1. Let u(f) = 6*d(f) + x(f). Let h be u(-1). Is (2/(-3))/(h/33) composite?
False
Let k be ((-1)/3)/((-1)/(-57)). Let q = k + 52. Is q - ((-2)/2 - 1) composite?
True
Let f(w) be the third derivative of 11*w**6/120 + 6*w**2. Is f(1) composite?
False
Let o(w) = -6*w - 1. Let f be o(-1). Suppose 0 = -g + 4*a + 162, -2*g + 469 = g + f*a. Let i = g - 107. Is i a prime number?
False
Suppose 4*g - 9 + 1 = 0. Let o(b) = -6*b - 3 + 4*b**2 - 2*b**2 - 5*b**g - b**3. Is o(-4) a prime number?
True
Let q be (-6)/((-3)/(-1)) - -55. Let t = -22 + q. Is t prime?
True
Let n(b) = -2*b**3 - 4*b**2 - 3*b - 3. Let g be n(-3). Let o be (g/15)/(-4)*-30. Is (-80)/o*(-9)/6 composite?
True
Is 2610/70 + 2/(-7) a composite number?
False
Suppose 0 = 5*n - l + 247, 2*l - l + 103 = -2*n. Let q be n/13 + 2/(-13). Is (2 - (-11)/q)*-148 a prime number?
False
Let y(d) = -17*d - 5. Let a(x) = -x**2 + 2*x + 2. Let z be a(4). Is y(z) a prime number?
True
Let v = -27 - -1508. Is v composite?
False
Let v(c) = -c**2 - 4*c. Let d(y) = -y**3 - 5*y**2 + 2*y + 6. Let f be d(-5). Let t be v(f). Suppose t*s + 7 = s. Is s prime?
True
Let n = 21 + -8. Is n a prime number?
True
Suppose 0*v + 110 = 2*v. Is v a prime number?
False
Suppose -2*u + 0*u + 638 = 0. Is u composite?
True
Let a(s) = 88*s + 9. Let m be a(7). Let h = m + -341. Let i = h + -199. Is i a prime number?
False
Let q(i) = 196*i**2 + 23*i - 2. Is q(3) a prime number?
True
Suppose 4*i = i + 9. Suppose -4*h - 3*x = -940, 448 + 22 = 2*h - i*x. Is h a composite number?
True
Let r(q) = -18*q + 17. Is r(-7) a composite number?
True
Suppose 0 = -y + 8. Let o(a) = a**2 - 5*a - 10. Is o(y) prime?
False
Suppose -4*z - 66145 = -9*z. Is z a prime number?
True
Let x(n) = 75*n + 13. Is x(7) a composite number?
True
Let j(l) = -11*l**3 - 6*l**2 - l + 17. Is j(-5) composite?
True
Let u(s) = s + 8. Let l be u(-6). Is 712/(-4)*l/(-4) prime?
True
Suppose 5*m - 5 = 2*h + 3*h, h + 4*m + 21 = 0. Let t be (87/h)/(4/(-20)). Let g = t + -50. Is g prime?
True
Suppose 2*z = -z + 6. Suppose z*w - 19 = 3*d - 4*d, 0 = 3*w + 3. Is 2 + 0 + d + 2 a composite number?
True
Let p(d) = -d + 9. Let l be p(7). Let f(x) = x**3 + 2. Is f(l) a prime number?
False
Is (-2)/(-3) + 3775/3 prime?
True
Let p = 12 + -8. Suppose -2*h + p*h = 138. Is h prime?
False
Let r(v) = -5*v + 7*v**2 + 15*v**2 - 20*v**2 + 1 + 1. Let y be (2 + -1)/(2/(-10)). Is r(y) a prime number?
False
Is (-15)/(-6)*(-314)/10*-2 prime?
True
Suppose 5*q + 139 = -3*k, k = -5*q - k - 141. Let v = -20 - q. Suppose 3*g = 66 + v. Is g a composite number?
True
Is 258/4 + 6/(-12) + 1 prime?
False
Let p(u) = -4*u**3 + 4*u**2 - u + 2. Let b be p(-4). Suppose 0 = -4*i - 2*h + b, 3*i + 4*h - 243 = 2*h. Is i a composite number?
False
Let g = -132 + 166. Is g composite?
True
Let l(z) be the second derivative of 0*z**3 + 2*z - 2*z**2 + 1/4*z**4 + 0. Is l(3) composite?
False
Let c be (-16)/(-6)*(-1068)/(-8). Let u = 3 - -3. Is 12/8*c/u composite?
False
Let m(c) = 207*c - 6. Let r be m(6). Is 2/6 + r/18 a prime number?
False
Let x = 2 - -1. Let j(b) = 12*b**3 - 3*b**2 + 2*b - 4. Is j(x) composite?
True
Let t(h) = -176*h - 7. Is t(-3) prime?
True
Let x be 2*6*(-2)/(-8). Suppose -5*r + 0 + 10 = 0. Suppose 0*m - 49 = -x*z + r*m, -3*z + 61 = m. Is z composite?
False
Let b = 3269 - 1870. Is b a prime number?
True
Suppose -644 = 5*r - 9*r. Is r prime?
False
Let f be ((-4)/(-6))/((-5)/(-30)). Suppose -3*w = -m + 19, 3*w + w = -f*m - 4. Suppose -m*o = j - 39, -5*j + j - 4*o + 96 = 0. Is j a composite number?
False
Suppose -2 = -4*l - 14. Suppose 7 - 16 = -3*j. Is (2*-1 - l)*j a composite number?
False
Let b be -1 + (26 - -1 - 1). Let n = b - 7. Suppose n + 28 = 2*x. Is x a prime number?
True
Let v(n) be the first derivative of 14*n**3/3 - n**2/2 - 4*n - 4. Is v(3) prime?
False
Suppose 4*n - 2520 = 4*r, 2*n - r = -0*n + 1261. Is n a prime number?
True
Suppose -3*u + 0 = -5*d - 4, 4 = -4*d + 2*u. Is (-1)/d*(16 - 4) composite?
True
Let c(z) = 3*z**2 - 4*z - 5. Is c(6) a composite number?
False
Let w = -3 - 3. Is (22/w)/(2/(-30)) prime?
False
Let j = -13 - -5. Let i = j + 31. Is i composite?
False
Suppose 892 = 5*a - 233. Suppose 0 = 3*x - a - 786. Is x composite?
False
Let h(i) = i**2 - 6*i + 5. Let y be h(6). Suppose -r = -o + 2, -r = -y*r. Suppose -o*b = -10 - 28. Is b a composite number?
False
Suppose z + 24 = 4*z. Suppose -k + 3*k = z. Is 159/(2*3/k) a prime number?
False
Let x = 16 + -26. Let p be 2/x + (-3543)/(-15). Suppose 5*j - p = -51. Is j composite?
False
Let f = 706 - 143. Is f composite?
False
Suppose 0 = 3*z + 5*s + 385, -2*z = -0*z - 3*s + 225. Let i = -25 - z. Is i composite?
True
Suppose 0*j = -j + 4. Let x = 97 - 33. Suppose j*n - x = 4*a, -5*n = -0*a - 2*a - 65. Is n composite?
False
Suppose -4*x + 215 = g, -2*x = -2*g - 5*x + 410. Is g a composite number?
False
Suppose 3*t = 535 + 212. Is t composite?
True
Let j(y) = y**2 - 3*y - 2. Let z be j(4). Suppose g - 275 = -0*p - z*p, -5*p + 4*g = -707. Let b = p + -90. Is b a composite number?
True
Let x(k) be the first derivative of -11*k**2 - 5. Is x(-1) a composite number?
True
Suppose j = 1 + 1. Suppose 2*n + j*p + 2 = 0, p - 5*p = -n + 19. Is 2/n - (-1420)/12 a prime number?
False
Suppose 0 = -3*l + 3*v - 6, l + 2*v + 2 = -v. Is (1 - 84)*(l + -3) prime?
False
Suppose -5*g + 22 = 2*j, 0 = -4*j - 2*g + 38 - 10. Let b be ((-380)/15)/((-2)/j). Suppose 102 = 2*q - b. Is q prime?
True
Suppose -3*w - 10 = 8. Let g(o) = -o**2 - 7*o - 6. Let p be g(w). Let q = 47 - p. Is q prime?
True
Suppose -t + 3*t + 12 = 0. Let x = -59 + 57. Is 3/x - 165/t a composite number?
True
Suppose -16 = -3*o - 4*q, 0 = 3*o + 5*q - 16 - 4. Let s(x) = x**2 + x + 69. Is s(o) prime?
False
Let f(i) = i**2 - i - 10. Is f(8) prime?
False
Let q(j) = 5*j + 6. Is q(5) composite?
False
Let d(q) = q**3 - q**2 - q + 1. Let k be d(2). Let z = 2 - 0. Suppose 107 = z*w - k. Is w composite?
True
Let q be 9 - 1 - 3/1. Suppose q*t - 87 = 5*b + 118, -5*b = 20. Is t composite?
False
Let i(b) = -2*b + 115. Let z be 0*4/12*-1. Is i(z) a prime number?
False
Let q(z) = 1007*z**2 - 152*z + 152. Let v(a) = 33*a**2 - 5*a + 5. Let w(l) = 5*q(l) - 152*v(l). Is w(-1) a composite number?
False
Let y be 1/((-1 + -2)/(-15)). Suppose 111 = -y*m - 109. Let k = m + 63. Is k prime?
True
Let g be (-4)/3*(-6)/(-4). Let d(p) = 5*p**3 - p**2 - 4*p - 3. Let b be d(g). Let j = b + 61. Is j a prime number?
False
Let v be 1/4 - (-6)/(-24). Suppose 3*l + 8 = 2*l - 5*f, -3*f - 6 = v. Suppose -l*k + 23 = -39. Is k a composite number?
False
Suppose -7*y + 3*y = -8. Suppose 0 = -y*p + p + 301. Is p a prime number?
False
Suppose -963 = -g + 4*m + 92, -1023 = -g - 4*m. Is g prime?
True
Suppose -32 = -2*z + 4*b + 50, 5 = -b. Is z prime?
True
Suppose -2*a - 3 = 3. Let g = a + 9. Is ((-30)/(-9))/(2/g) a composite number?
True
Is 5/(-10) - (-1644)/8 a composite number?
True
Let k(g) = 537*g - 5. Is k(2) prime?
True
Let x(d) = 541*d**3 + d**2 - d. Is x(1) composite?
False
Let s = -296 + 481. Is s prime?
False
Suppose 0*g = 2*g - 406. Is g prime?
False
Let u = 467 - 306. Is u a composite number?
True
Let c(t) = t + 167. Is c(0) a prime number?
True
Let t(j) = -10*j**2 + 10*j + 5. Let g be t(5). Let w = -4 - g. Is w prime?
True
Let p be 58/(-4) - (-2)/(-4). Is 4/(-10) + (-771)/p a composite number?
True
Suppose 0 = -6*t + 3085 + 125. Is t a prime number?
False
Let w = 1255 + -588. Is w a prime number?
False
Let n be ((-398)/6)/(5/(-15)). Suppose 0 = 3*d + 6, 15 = 4*r - 5*d - n. Is r composite?
True
Let a(x) = -48*x - 2. Let h = -4 - -3. Is a(h) a prime number?
False
Let i = 1808 - 799. Is i prime?
True
Let w(h) = h**3 + h**2 - 6*h + 10. Let y be w(8). Suppose 